{"id":1858,"date":"2018-04-20T15:50:15","date_gmt":"2018-04-20T13:50:15","guid":{"rendered":"http:\/\/help.edelweiss-de.com\/?page_id=1858"},"modified":"2018-04-23T16:29:50","modified_gmt":"2018-04-23T14:29:50","slug":"zugriff-zu-ereignislisten-erteilen","status":"publish","type":"page","link":"http:\/\/help.edelweiss-de.com\/?page_id=1858","title":{"rendered":"Zugriff zu Ereignislisten erteilen"},"content":{"rendered":"<p>Einmal geteilt, sind Ereignislisten f\u00fcr alle berechtigten Kontakte sichtbar. So erteilen Sie Ihren Kontakten gezielt Zugriff auf Ereignislisten:<\/p>\n<p><strong><span style=\"color: #ff6600;\">Kontakte kn\u00fcpfen<\/span><\/strong><\/p>\n<p>Die Person, der Sie Zugriff zu Ereignislisten geben m\u00f6chten, muss auf EDELWEISS+ registriert und angemeldet sein, um mit Ereignislisten arbeiten zu k\u00f6nnen. Au\u00dferdem m\u00fcssen Sie den Kontakt in Ihr EDELWEISS+ Adressbuch aufnehmen. \u00d6ffnen Sie dazu den Reiter &#8222;Kontakte&#8220; und w\u00e4hlen Sie aus dem Men\u00fc auf der linken Seite &#8222;Personen&#8220;. In der Aktionsleiste k\u00f6nnen Sie jetzt einen &#8222;neuen Gesch\u00e4ftskontakt hinzuf\u00fcgen&#8220;. Geben Sie jetzt die E-Mail-Adresse ein, mit der die Person bei EDELWEISS+ registriert ist.<\/p>\n<p>Alternativ k\u00f6nnen Sie Ihr Adressbuch schneller mit dem Import von E-Mail-Adressen bef\u00fcllen. W\u00e4hlen Sie dazu &#8222;Weitere Aktionen&#8220; und aus dem folgenden Men\u00fc &#8222;Kontakte importieren&#8220;.<\/p>\n<p>Mit diesen Personen k\u00f6nnen Sie Ihre Ereignislisten nun aktiv teilen.<\/p>\n<p><strong><span style=\"color: #ff6600;\">Zugriffsrecht vergeben<\/span><\/strong><\/p>\n<p>Um Ihre Ereignislisten zu teilen m\u00fcssen Sie nun die Administration aufrufen. Klicken Sie dazu auf Ihren Namen in der oberen rechten Ecke und klicken Sie auf den letzten Punkt im Men\u00fc, &#8222;Administration&#8220;. Im Administrations-Men\u00fc \u00f6ffnen Sie jetzt den Punkt &#8222;Ereignisliste &#8211; Verwalter&#8220;. Im Bereich &#8222;Aktionen&#8220; \u00f6ffnen Sie das Zugriffsmen\u00fc unter &#8222;Zugangsdaten verwalten&#8220;. In diesem Men\u00fc ist die Frage, welche Ihrer Kontakte Zugriff auf die Ereignislisten erhalten, mit einem &#8222;ja&#8220; oder &#8222;nein&#8220; beantwortet. Ein Klick auf das K\u00e4stchen gibt, bzw. entzieht das Zugriffsrecht.<\/p>\n<p><a href=\"http:\/\/help.edelweiss-de.com\/?page_id=1854\">Zur\u00fcck zur \u00dcbersicht.<\/a><\/p>\n","protected":false},"excerpt":{"rendered":"<p>Einmal geteilt, sind Ereignislisten f\u00fcr alle berechtigten Kontakte sichtbar. So erteilen Sie Ihren Kontakten gezielt Zugriff auf Ereignislisten: Kontakte kn\u00fcpfen Die Person, der Sie Zugriff zu Ereignislisten geben m\u00f6chten, muss auf EDELWEISS+ registriert und angemeldet sein, um mit Ereignislisten arbeiten zu k\u00f6nnen. Au\u00dferdem m\u00fcssen Sie den Kontakt in Ihr EDELWEISS+ Adressbuch aufnehmen. \u00d6ffnen Sie dazu [&hellip;]<\/p>\n","protected":false},"author":8,"featured_media":0,"parent":1854,"menu_order":0,"comment_status":"closed","ping_status":"closed","template":"","meta":{"footnotes":""},"class_list":["post-1858","page","type-page","status-publish","hentry"],"_links":{"self":[{"href":"http:\/\/help.edelweiss-de.com\/index.php?rest_route=\/wp\/v2\/pages\/1858","targetHints":{"allow":["GET"]}}],"collection":[{"href":"http:\/\/help.edelweiss-de.com\/index.php?rest_route=\/wp\/v2\/pages"}],"about":[{"href":"http:\/\/help.edelweiss-de.com\/index.php?rest_route=\/wp\/v2\/types\/page"}],"author":[{"embeddable":true,"href":"http:\/\/help.edelweiss-de.com\/index.php?rest_route=\/wp\/v2\/users\/8"}],"replies":[{"embeddable":true,"href":"http:\/\/help.edelweiss-de.com\/index.php?rest_route=%2Fwp%2Fv2%2Fcomments&post=1858"}],"version-history":[{"count":0,"href":"http:\/\/help.edelweiss-de.com\/index.php?rest_route=\/wp\/v2\/pages\/1858\/revisions"}],"up":[{"embeddable":true,"href":"http:\/\/help.edelweiss-de.com\/index.php?rest_route=\/wp\/v2\/pages\/1854"}],"wp:attachment":[{"href":"http:\/\/help.edelweiss-de.com\/index.php?rest_route=%2Fwp%2Fv2%2Fmedia&parent=1858"}],"curies":[{"name":"wp","href":"https:\/\/api.w.org\/{rel}","templated":true}]}}